{"id":637,"date":"2021-02-19T11:42:19","date_gmt":"2021-02-19T10:42:19","guid":{"rendered":"http:\/\/alz-ostlippe.de\/?page_id=637"},"modified":"2026-03-04T11:43:47","modified_gmt":"2026-03-04T10:43:47","slug":"neue-seite","status":"publish","type":"page","link":"http:\/\/alz-ostlippe.de\/?page_id=637","title":{"rendered":"Beratungsstelle Arbeit Lippe"},"content":{"rendered":"<p><img loading=\"lazy\" class=\"alignleft size-medium wp-image-919\" src=\"http:\/\/alz-ostlippe.de\/wp-content\/uploads\/2026\/03\/beratungsstellen_arbeit_logo_rz_rgb_150dpi-1-300x98.png\" alt=\"\" width=\"300\" height=\"98\" srcset=\"http:\/\/alz-ostlippe.de\/wp-content\/uploads\/2026\/03\/beratungsstellen_arbeit_logo_rz_rgb_150dpi-1-300x98.png 300w, http:\/\/alz-ostlippe.de\/wp-content\/uploads\/2026\/03\/beratungsstellen_arbeit_logo_rz_rgb_150dpi-1.png 491w\" sizes=\"(max-width: 300px) 100vw, 300px\" \/><\/p>\r\n<p>&nbsp;<\/p>\r\n\r\n\r\n\r\n\r\n\r\n<p>&nbsp;<\/p>\r\n<p>&nbsp;<\/p>\r\n<p><strong>Beratungsstellen Arbeit in Nordrhein-Westfalen<\/strong><\/p>\r\n\r\n\r\n\r\n<p><strong>Ortsnahe Anlaufstellen und Baustein eines Netzwerks gegen Arbeitsausbeutung<\/strong><\/p>\r\n\r\n\r\n\r\n<p>Die &#8222;Beratungsstellen Arbeit&#8220; (BSA) werden aus Mitteln des Europ\u00e4ischen Sozialfonds (ESF) und des Landes Nordrhein-Westfalen gef\u00f6rdert und f\u00fchren die Leistungen der bisherigen Erwerbslosenberatungen fort. Arbeitslose oder von Arbeitsausbeutung betroffene Menschen finden in den Beratungsstellen Rat zu Qualifizierung und Besch\u00e4ftigung sowie Unterst\u00fctzung bei wirtschaftlichen, psychosozialen und rechtlichen Fragen. Zugleich ist mit den &#8222;Beratungsstellen Arbeit&#8220; der Grundstein f\u00fcr ein landesweites Netzwerk gegen Arbeitsausbeutung gelegt worden.<\/p>\r\n\r\n\r\n\r\n\r\n\r\n\r\n\r\n<p><strong>Tr\u00e4gerverbund Kreis Lippe:<\/strong><\/p>\r\n\r\n\r\n\r\n<ul>\r\n<li>awb e.V. Kiliansweg 7-9 32108 Bad Salzuflen <a href=\"http:\/\/www.awbev.de\/\">www.awbev.de<\/a><\/li>\r\n<li>Netzwerk Lippe gGmbH <a href=\"https:\/\/www.netzwerk-lippe.de\/fuer-bewerber\/projekte-zur-arbeitsmarktintegration\/beratungsstelle-arbeit-in-detmold\/\">https:\/\/www.netzwerk-lippe.de\/fuer-bewerber\/projekte-zur-arbeitsmarktintegration\/beratungsstelle-arbeit-in-detmold\/<\/a><\/li>\r\n<\/ul>\r\n\r\n\r\n\r\n<p>Die Beratungsstellen bieten kostenlose Unterst\u00fctzung, Beratung und Information f\u00fcr Arbeitslose, von Arbeitslosigkeit Bedrohten und an dieser Problematik interessierten Menschen u.a. bei:<\/p>\r\n\r\n\r\n\r\n<ul>\r\n<li>der Arbeitsausbeutung, prek\u00e4re Besch\u00e4ftigung<\/li>\r\n<li>der Erstellung von Bewerbungsunterlagen<\/li>\r\n<li>der Arbeitssuche<\/li>\r\n<li>finanziellen Problemen aufgrund von Arbeitslosigkeit<\/li>\r\n<li>\u201eVermittlung\u201c zwischen Ratsuchendem und Beh\u00f6rden<\/li>\r\n<li>psychischen Problemen aufgrund von Arbeitslosigkeit<\/li>\r\n<li>der Suche nach einem Gespr\u00e4chspartner f\u00fcr die Entwicklung neuer beruflicher Perspektiven<\/li>\r\n<\/ul>\r\n\r\n\r\n\r\n<p>&nbsp;<\/p>\r\n\r\n\r\n\r\n<p>&nbsp;<\/p>\r\n\r\n\r\n\r\n<p>&nbsp;<\/p>\r\n\r\n\r\n\r\n<p>&nbsp;<\/p>\r\n\r\n\r\n\r\n<p>&nbsp;<\/p>\r\n\r\n\r\n\r\n<p>&nbsp;<\/p>\r\n\r\n\r\n\r\n<p>&nbsp;<\/p>\r\n\r\n\r\n\r\n<p>&nbsp;<\/p>\r\n\r\n\r\n\r\n<p>&nbsp;<\/p>\r\n\r\n\r\n\r\n<p>&nbsp;<\/p>\r\n\r\n\r\n\r\n<p><img loading=\"lazy\" class=\"alignleft size-large wp-image-921\" src=\"http:\/\/alz-ostlippe.de\/wp-content\/uploads\/2026\/03\/esf-foerderlogos_21-27_eu-mags_foerdersatz_rgb-1-800x180.png\" alt=\"\" width=\"800\" height=\"180\" srcset=\"http:\/\/alz-ostlippe.de\/wp-content\/uploads\/2026\/03\/esf-foerderlogos_21-27_eu-mags_foerdersatz_rgb-1-800x180.png 800w, http:\/\/alz-ostlippe.de\/wp-content\/uploads\/2026\/03\/esf-foerderlogos_21-27_eu-mags_foerdersatz_rgb-1-300x68.png 300w, http:\/\/alz-ostlippe.de\/wp-content\/uploads\/2026\/03\/esf-foerderlogos_21-27_eu-mags_foerdersatz_rgb-1-768x173.png 768w, http:\/\/alz-ostlippe.de\/wp-content\/uploads\/2026\/03\/esf-foerderlogos_21-27_eu-mags_foerdersatz_rgb-1-1536x346.png 1536w, http:\/\/alz-ostlippe.de\/wp-content\/uploads\/2026\/03\/esf-foerderlogos_21-27_eu-mags_foerdersatz_rgb-1-2048x461.png 2048w\" sizes=\"(max-width: 800px) 100vw, 800px\" \/><\/p>\r\n\r\n\r\n\r\n<p>&nbsp;<\/p>\r\n\r\n\r\n\r\n<p>&nbsp;<\/p>\r\n\r\n\r\n\r\n<p>&nbsp;<\/p>\r\n\r\n\r\n\r\n<p>&nbsp;<\/p>\r\n\r\n\r\n\r\n<p>&nbsp;<\/p>\r\n\r\n\r\n\r\n<p>&nbsp;<\/p>\r\n\r\n\r\n\r\n<p>&nbsp;<\/p>\r\n\r\n\r\n\r\n<p>&nbsp;<\/p>\r\n\r\n\r\n\r\n<p>&nbsp;<\/p>\r\n\r\n\r\n\r\n<p>&nbsp;<\/p>\r\n\r\n\r\n\r\n<figure class=\"wp-block-image size-large\"><\/figure>\r\n","protected":false},"excerpt":{"rendered":"<p>&nbsp; &nbsp; &nbsp; Beratungsstellen Arbeit in Nordrhein-Westfalen Ortsnahe Anlaufstellen und Baustein eines Netzwerks gegen Arbeitsausbeutung Die &#8222;Beratungsstellen Arbeit&#8220; (BSA) werden aus Mitteln des Europ\u00e4ischen Sozialfonds (ESF) und des Landes Nordrhein-Westfalen gef\u00f6rdert und f\u00fchren die Leistungen der bisherigen Erwerbslosenberatungen fort. Arbeitslose oder von Arbeitsausbeutung betroffene Menschen finden in den Beratungsstellen Rat zu Qualifizierung und Besch\u00e4ftigung sowie<\/p>\n","protected":false},"author":1,"featured_media":0,"parent":0,"menu_order":0,"comment_status":"closed","ping_status":"closed","template":"","meta":[],"_links":{"self":[{"href":"http:\/\/alz-ostlippe.de\/index.php?rest_route=\/wp\/v2\/pages\/637"}],"collection":[{"href":"http:\/\/alz-ostlippe.de\/index.php?rest_route=\/wp\/v2\/pages"}],"about":[{"href":"http:\/\/alz-ostlippe.de\/index.php?rest_route=\/wp\/v2\/types\/page"}],"author":[{"embeddable":true,"href":"http:\/\/alz-ostlippe.de\/index.php?rest_route=\/wp\/v2\/users\/1"}],"replies":[{"embeddable":true,"href":"http:\/\/alz-ostlippe.de\/index.php?rest_route=%2Fwp%2Fv2%2Fcomments&post=637"}],"version-history":[{"count":27,"href":"http:\/\/alz-ostlippe.de\/index.php?rest_route=\/wp\/v2\/pages\/637\/revisions"}],"predecessor-version":[{"id":925,"href":"http:\/\/alz-ostlippe.de\/index.php?rest_route=\/wp\/v2\/pages\/637\/revisions\/925"}],"wp:attachment":[{"href":"http:\/\/alz-ostlippe.de\/index.php?rest_route=%2Fwp%2Fv2%2Fmedia&parent=637"}],"curies":[{"name":"wp","href":"https:\/\/api.w.org\/{rel}","templated":true}]}}