{"id":47,"date":"2015-03-02T18:16:50","date_gmt":"2015-03-02T17:16:50","guid":{"rendered":"http:\/\/alz-ostlippe.de\/?page_id=47"},"modified":"2015-03-03T12:23:58","modified_gmt":"2015-03-03T11:23:58","slug":"chronologie","status":"publish","type":"page","link":"http:\/\/alz-ostlippe.de\/?page_id=47","title":{"rendered":"Chronologie"},"content":{"rendered":"<table>\n<tbody>\n<tr>\n<td width=\"171\"><strong>20. Dezember 1982<\/strong><\/td>\n<td width=\"439\">\n<ul>\n<li>Gr\u00fcndung eines Arbeitslosentreffs in der ev.-luth. Kirchengemeinde Blomberg. Die Treffen finden einmal w\u00f6chentlich im eingerichteten Arbeitslosenberatungsb\u00fcro im Gemeindehaus Hagenstr. 42 statt.<\/li>\n<\/ul>\n<\/td>\n<\/tr>\n<tr>\n<td width=\"171\">September 1983<\/td>\n<td width=\"439\">\n<ul>\n<li>Erweiterung des Arbeitslosentreffs zu einem Arbeitslosenzentrum.<\/li>\n<li>Umzug in die R\u00e4umlichkeiten in der Bahnhofstra\u00dfe 37.<\/li>\n<li>Konstituierende Sitzung des Tr\u00e4gerkreises.<\/li>\n<li>Bewilligung der ersten ABM-Stelle.<\/li>\n<\/ul>\n<\/td>\n<\/tr>\n<tr>\n<td width=\"171\">Dezember 1984<\/td>\n<td width=\"439\">\n<ul>\n<li>Erster \u201eTag der offenen T\u00fcr\u201c.<\/li>\n<\/ul>\n<\/td>\n<\/tr>\n<tr>\n<td width=\"171\">Juli 1986<\/td>\n<td width=\"439\">\n<ul>\n<li>Bewilligung der ersten ABM-Stelle f\u00fcr die Holzwerkstatt.<\/li>\n<\/ul>\n<\/td>\n<\/tr>\n<tr>\n<td width=\"171\">Oktober 1986<\/td>\n<td width=\"439\">\n<ul>\n<li>Ausbau des Dachgeschosses.<\/li>\n<li>Beginn der Kursangebote im Kreativbereich.<\/li>\n<\/ul>\n<\/td>\n<\/tr>\n<tr>\n<td width=\"171\">Juni 1987<\/td>\n<td width=\"439\">\n<ul>\n<li>Bewilligung der ersten AsS-Stelle (Arbeit statt Sozialhilfe) f\u00fcr den Kreativbereich.<\/li>\n<\/ul>\n<\/td>\n<\/tr>\n<tr>\n<td width=\"171\">Juli 1989<\/td>\n<td width=\"439\">\n<ul>\n<li>Anschaffung des ersten ALZ-Bullis aus Spenden des Rotary Clubs sowie des Lions Clubs.<\/li>\n<li>Beginn der Gebrauchtm\u00f6belb\u00f6rse.<\/li>\n<li>Besch\u00e4ftigung des ersten Zivildienstleistenden.<\/li>\n<\/ul>\n<\/td>\n<\/tr>\n<tr>\n<td width=\"171\">Fr\u00fchjahr 1997<\/td>\n<td width=\"439\">\n<ul>\n<li>Gr\u00fcndung des \u201eFreundeskreis ALZ Blomberg e.V.\u201c<\/li>\n<li>Beginn der Konsolidierung der Tr\u00e4gerschaftsstruktur einschlie\u00dflich Finanzierung des ALZ<\/li>\n<\/ul>\n<\/td>\n<\/tr>\n<tr>\n<td width=\"171\">1998<\/td>\n<td width=\"439\">\n<ul>\n<li>Das ALZ wird per Tr\u00e4gerschaftsvertrag von den Kommunen Blomberg, Schieder-Schwalenberg, zahlreichen Kirchengemeinden und der Lippischen Landeskirche, sowie privaten F\u00f6rderern und Freunden finanziell getragen.<\/li>\n<li>Einrichtung eines \u201egesch\u00e4ftsf\u00fchrenden Vorstandes\u201c aus der Mitte des Tr\u00e4gerkreises.<\/li>\n<li>Das ALZ ist mit einer eigenen Homepage im Internet vertreten.<\/li>\n<li>15j\u00e4hriges Bestehen des ALZ.<\/li>\n<\/ul>\n<\/td>\n<\/tr>\n<tr>\n<td width=\"171\">2001<\/td>\n<td width=\"439\">\n<ul>\n<li>Im ALZ findet die erste Buchtauschb\u00f6rse statt.<\/li>\n<\/ul>\n<\/td>\n<\/tr>\n<tr>\n<td width=\"171\">2002<\/td>\n<td width=\"439\">\n<ul>\n<li>Das Arbeitslosenzentrum richtet eine Kleiderstube ein.<\/li>\n<li>In Kooperation mit dem Freundeskreis erscheint die erste Ausgabe der \u201eFALZ\u201c, der eigenen Zeitung des ALZ.<\/li>\n<li>Austritt der Stadt Schieder-Schwalenberg aus dem Tr\u00e4gerkreis.<\/li>\n<\/ul>\n<\/td>\n<\/tr>\n<tr>\n<td width=\"171\">2003<\/td>\n<td width=\"439\">\n<ul>\n<li>Das Arbeitslosenzentrum feiert sein 20j\u00e4hriges Bestehen.<\/li>\n<\/ul>\n<\/td>\n<\/tr>\n<tr>\n<td width=\"171\">2004<\/td>\n<td width=\"439\">\n<ul>\n<li>Das ALZ richtet f\u00fcr die Besucher die sogenannte \u201eSurfstube\u201c ein: PC-Arbeitspl\u00e4tze mit Internetzugang, Drucker und Scanner.<\/li>\n<\/ul>\n<\/td>\n<\/tr>\n<tr>\n<td width=\"171\">2005<\/td>\n<td width=\"439\">\n<ul>\n<li>Aufl\u00f6sung der Holzwerkstatt.<\/li>\n<li>Umzug in f\u00fcnf neue R\u00e4ume in der Bahnhofstra\u00dfe 35 (ehemalige Polizeiwache).<\/li>\n<\/ul>\n<\/td>\n<\/tr>\n<tr>\n<td width=\"171\">2008<\/td>\n<td width=\"439\">\n<ul>\n<li>25j\u00e4hriges Bestehen des Arbeitslosenzentrums Ostlippe.<\/li>\n<\/ul>\n<\/td>\n<\/tr>\n<tr>\n<td width=\"171\">2009<\/td>\n<td width=\"439\">\n<ul>\n<li>Weitere Vertiefung des Schwerpunkts \u201eBeratung und Information\u201c durch das neue kostenlose monatliche Angebot \u201eRechtsberatung\u201c.<\/li>\n<\/ul>\n<\/td>\n<\/tr>\n<tr>\n<td width=\"171\">2013<\/td>\n<td width=\"439\">\n<ul>\n<li>30j\u00e4hriges Bestehen des Arbeitslosenzentrums Ostlippe.<\/li>\n<\/ul>\n<\/td>\n<\/tr>\n<tr>\n<td width=\"171\">Januar 2014<\/td>\n<td width=\"439\">\n<ul>\n<li>Da der Geb\u00e4udekomplex an der Bahnhofstra\u00dfe einem Neubau weichen muss, erfolgt der Umzug in neue R\u00e4ume auf dem Gel\u00e4nde der katholischen Kirchengemeinde St. Martin (Lehmbrink 6a, ehemalige Schwesternstation).<\/li>\n<\/ul>\n<\/td>\n<\/tr>\n<\/tbody>\n<\/table>\n<p>&nbsp;<\/p>\n","protected":false},"excerpt":{"rendered":"<p>20. Dezember 1982 Gr\u00fcndung eines Arbeitslosentreffs in der ev.-luth. Kirchengemeinde Blomberg. Die Treffen finden einmal w\u00f6chentlich im eingerichteten Arbeitslosenberatungsb\u00fcro im Gemeindehaus Hagenstr. 42 statt. September 1983 Erweiterung des Arbeitslosentreffs zu einem Arbeitslosenzentrum. Umzug in die R\u00e4umlichkeiten in der Bahnhofstra\u00dfe 37. Konstituierende Sitzung des Tr\u00e4gerkreises. Bewilligung der ersten ABM-Stelle. Dezember 1984 Erster \u201eTag der offenen T\u00fcr\u201c.<\/p>\n","protected":false},"author":1,"featured_media":0,"parent":0,"menu_order":0,"comment_status":"closed","ping_status":"closed","template":"","meta":[],"_links":{"self":[{"href":"http:\/\/alz-ostlippe.de\/index.php?rest_route=\/wp\/v2\/pages\/47"}],"collection":[{"href":"http:\/\/alz-ostlippe.de\/index.php?rest_route=\/wp\/v2\/pages"}],"about":[{"href":"http:\/\/alz-ostlippe.de\/index.php?rest_route=\/wp\/v2\/types\/page"}],"author":[{"embeddable":true,"href":"http:\/\/alz-ostlippe.de\/index.php?rest_route=\/wp\/v2\/users\/1"}],"replies":[{"embeddable":true,"href":"http:\/\/alz-ostlippe.de\/index.php?rest_route=%2Fwp%2Fv2%2Fcomments&post=47"}],"version-history":[{"count":8,"href":"http:\/\/alz-ostlippe.de\/index.php?rest_route=\/wp\/v2\/pages\/47\/revisions"}],"predecessor-version":[{"id":779,"href":"http:\/\/alz-ostlippe.de\/index.php?rest_route=\/wp\/v2\/pages\/47\/revisions\/779"}],"wp:attachment":[{"href":"http:\/\/alz-ostlippe.de\/index.php?rest_route=%2Fwp%2Fv2%2Fmedia&parent=47"}],"curies":[{"name":"wp","href":"https:\/\/api.w.org\/{rel}","templated":true}]}}