{"id":13,"date":"2015-03-02T17:22:23","date_gmt":"2015-03-02T16:22:23","guid":{"rendered":"http:\/\/alz-ostlippe.de\/?page_id=13"},"modified":"2025-02-07T10:00:26","modified_gmt":"2025-02-07T09:00:26","slug":"ueber-uns","status":"publish","type":"page","link":"http:\/\/alz-ostlippe.de\/?page_id=13","title":{"rendered":"\u00dcber Uns"},"content":{"rendered":"<p align=\"LEFT\"><span style=\"font-family: Arial,sans-serif;\"><span style=\"font-size: small;\">Am 20. Dezember 1982 gr\u00fcndete sich in der ev.-luth. Kirchengemeinde Blomberg ein Arbeitslosentreff. Hier konnten sich von Arbeitslosigkeit betroffene Menschen austauschen und ihre Freizeit gemeinsam gestalten. <\/span><\/span><\/p>\n<p align=\"LEFT\"><span style=\"font-family: Arial,sans-serif;\"><span style=\"font-size: small;\">Aufgrund der gro\u00dfen Nachfrage und nicht sinken wollenden Arbeitslosenzahlen erweiterte sich im September 1983 der Arbeitslosentreff zu einem Arbeitslosenzentrum, das noch heutige Arbeitslosenzentrum Ostlippe, welches sich seit Januar 2014 in R\u00e4umlichkeiten der katholischen Kirchengemeinde im Lehmbrink 6a (ehemaliges Schwesterwohnheim) befindet.<\/span><\/span><\/p>\n<p align=\"LEFT\"><span style=\"color: #000000;\"><span style=\"font-family: Arial,sans-serif;\"><span style=\"font-size: small;\">Das ALZ Ostlippe ist eine <span lang=\"de-DE\">grunds\u00e4tzlich offene Einrichtung f\u00fcr alle Menschen und insbesondere f\u00fcr Erwerbslose, von Erwerbslosigkeit Bedrohte, Ausbildungsplatzsuchende, Bezieher*innen von Grundsicherung, Berufsr\u00fcckkehrer*innen, Alleinerziehende, Sozialhilfeempf\u00e4nger*innen, Zugewanderte, Gefl\u00fcchtete\/ Geduldete und Menschen mit Migrationshintergrund.<\/span><\/span><\/span><\/span><\/p>\n<p lang=\"de-DE\" align=\"LEFT\"><span style=\"color: #000000;\"><span style=\"font-family: Arial,sans-serif;\"><span style=\"font-size: small;\">F\u00fcr diesen Personenkreis wollen wir Hilfe, Unterst\u00fctzung und Beratung in vielgestaltiger Form anbieten und organisieren, damit das allt\u00e4gliche Leben gut gelingen kann. Dar\u00fcber hinaus wollen wir Betroffene dabei unterst\u00fctzen, ihren individuellen Weg ins Erwerbsleben (wieder) zu finden und einen Platz anbieten, der zum Beisammensein und Austausch einl\u00e4dt.<\/span><\/span><\/span><\/p>\n<p lang=\"de-DE\" align=\"LEFT\"><span style=\"color: #000000;\"><span style=\"font-family: Arial,sans-serif;\"><span style=\"font-size: small;\">Durch unsere Arbeit m\u00f6chten wir die \u00d6ffentlichkeit auf die besondere und schwierige Lebenslage von Menschen im ALG II Bezug (\u201eHartz IV\u201c) aufmerksam machen und dazu beitragen, dass alle Betroffenen am gesellschaftlichen Leben teilhaben k\u00f6nnen. <\/span><\/span><\/span><\/p>\n<p align=\"LEFT\"><span style=\"font-family: Arial,sans-serif;\"><span style=\"font-size: small;\">Seit nun mehr 42 Jahren sind wir eine unabh\u00e4ngige Anlaufstelle f\u00fcr alle Fragen, Problematiken und \u00c4ngste rund um das Thema \u201eArbeit\u201c und dem Bezug von ALG I + II. <\/span><\/span><\/p>\n<p align=\"LEFT\"><span style=\"font-family: Arial,sans-serif;\"><span style=\"font-size: small;\">Wir bieten gezielte Hilfestellung bei der Antragsstellung, dem Zusammentragen der ben\u00f6tigten Unterlagen, Aufkl\u00e4rung \u00fcber Rechte und Pflichten beider Parteien, der \u00dcberpr\u00fcfung der Bescheide und die Vermittlung zwischen Ratsuchenden und der Agentur f\u00fcr Arbeit bzw. dem Jobcenter Lippe.<\/span><\/span><\/p>\n<p align=\"LEFT\"><span style=\"font-family: Arial,sans-serif;\"><span style=\"font-size: small;\">Dar\u00fcber hinaus erfahren Interessierte eine individuelle Unterst\u00fctzung und Beratung durch die \u201eBewerbungshilfe\u201c. Gemeinsam erstellen wir aussagekr\u00e4ftige Bewerbungsunterlagen, recherchieren offene Stellenangebote und versuchen, durch individuelle Hilfestellungen und Beratungen die Aufnahme einer Arbeit (wieder) m\u00f6glich zu machen.<\/span><\/span><\/p>\n<p align=\"LEFT\"><span style=\"font-family: Arial,sans-serif;\"><span style=\"font-size: small;\">Zus\u00e4tzlich k\u00f6nnen sich auch Schulabg\u00e4nger*innen bei uns \u00fcber m\u00f6gliche Wege ins Berufs- oder Studienleben informieren und beraten lassen.<\/span><\/span><\/p>\n<p align=\"LEFT\"><span style=\"font-family: Arial,sans-serif;\"><span style=\"font-size: small;\">Seien Sie uns also herzlich Willkommen! Ohne vorherige Anmeldung k\u00f6nnen Sie uns zu unseren \u00d6ffnungszeiten besuchen, sei es um die Surfstube zu nutzen oder f\u00fcr ein pers\u00f6nliches Beratungsgespr\u00e4ch! <\/span><\/span><\/p>\n<p align=\"LEFT\"><span style=\"font-family: Arial,sans-serif;\"><span style=\"font-size: small;\">Wir freuen uns auf Sie!<\/span><\/span><\/p>\n","protected":false},"excerpt":{"rendered":"<p>Am 20. Dezember 1982 gr\u00fcndete sich in der ev.-luth. Kirchengemeinde Blomberg ein Arbeitslosentreff. Hier konnten sich von Arbeitslosigkeit betroffene Menschen austauschen und ihre Freizeit gemeinsam gestalten. Aufgrund der gro\u00dfen Nachfrage und nicht sinken wollenden Arbeitslosenzahlen erweiterte sich im September 1983 der Arbeitslosentreff zu einem Arbeitslosenzentrum, das noch heutige Arbeitslosenzentrum Ostlippe, welches sich seit Januar 2014<\/p>\n","protected":false},"author":1,"featured_media":0,"parent":0,"menu_order":0,"comment_status":"closed","ping_status":"closed","template":"","meta":[],"_links":{"self":[{"href":"http:\/\/alz-ostlippe.de\/index.php?rest_route=\/wp\/v2\/pages\/13"}],"collection":[{"href":"http:\/\/alz-ostlippe.de\/index.php?rest_route=\/wp\/v2\/pages"}],"about":[{"href":"http:\/\/alz-ostlippe.de\/index.php?rest_route=\/wp\/v2\/types\/page"}],"author":[{"embeddable":true,"href":"http:\/\/alz-ostlippe.de\/index.php?rest_route=\/wp\/v2\/users\/1"}],"replies":[{"embeddable":true,"href":"http:\/\/alz-ostlippe.de\/index.php?rest_route=%2Fwp%2Fv2%2Fcomments&post=13"}],"version-history":[{"count":11,"href":"http:\/\/alz-ostlippe.de\/index.php?rest_route=\/wp\/v2\/pages\/13\/revisions"}],"predecessor-version":[{"id":879,"href":"http:\/\/alz-ostlippe.de\/index.php?rest_route=\/wp\/v2\/pages\/13\/revisions\/879"}],"wp:attachment":[{"href":"http:\/\/alz-ostlippe.de\/index.php?rest_route=%2Fwp%2Fv2%2Fmedia&parent=13"}],"curies":[{"name":"wp","href":"https:\/\/api.w.org\/{rel}","templated":true}]}}